-169 - -52. List the prime factors of 22/18 + -1 + z/a.
3, 7
Let q(l) be the third derivative of 3*l**7/560 + 47*l**6/720 - 19*l**5/30 + 14*l**2. Let m(v) be the third derivative of q(v). List the prime factors of m(7).
2, 59
Suppose p = 2*o + 419, 2*o = -p - 361 - 48. Let n = o + 576. List the prime factors of n.
3, 41
Suppose 14 = 13*j + j, 3*s - 5*j = 4285. What are the prime factors of s?
2, 5, 11, 13
Suppose 4*k + 1566 = -b + 7433, 0 = 4*k + 3*b - 5865. What are the prime factors of 4/2 + -5 + k?
2, 3, 61
Let o(z) = -4*z**3 + 88*z**2 - 19*z - 20. What are the prime factors of o(14)?
2, 41, 73
Let o(d) = -2*d**3 + 7*d**2 + 11*d + 10. Let u be o(-5). Suppose -7*f + 9*f = 3*h + 760, -f + u = h. Let y = f + -262. List the prime factors of y.
2, 59
Let a(n) = n**3 - 11*n**2 - 25*n - 31. Let h be a(13). What are the prime factors of (153/27)/((-2)/h) + -4?
47
Let m = -58 + 63. Suppose -4*n = n, 15 = m*c - 3*n. Suppose -150 = -3*p + c*a, 124 = 5*p + 3*a - 158. What are the prime factors of p?
2, 3
Suppose 3*m + 4 = -4*c, 2*m + 2*c - c = -1. Suppose -16 = -7*r - r. Suppose -3*n + r*q + 2*q = -262, -5*q + 25 = m. What are the prime factors of n?
2, 47
Let m(b) = 2*b**2 - 18. Suppose -5*a = 2*l - 27, -3*l + 0 + 9 = 3*a. What are the prime factors of m(a)?
2, 5
Let d(f) = f**3 + 9*f**2 - 24*f - 19. Let c be d(-11). Suppose -651 = -4*x + x - c*w, 5*x - 1067 = w. What are the prime factors of x?
2, 107
Let m be 5/(5/1) - -1. Let t be -3 + 262 - ((m - 2) + 2). Let f = t + -128. List the prime factors of f.
3, 43
Suppose 228*w = 233*w + 2485. Let m = 537 + w. What are the prime factors of m?
2, 5
Suppose 84*z = 80*z + 48. List the prime factors of ((-20)/15)/(z/(-2682)) + -2.
2, 37
Let d(m) = 7*m**2 - 6*m - 14. Let u(g) = 8*g**2 - 5*g - 12. Let l(y) = -7*d(y) + 6*u(y). What are the prime factors of l(12)?
2, 13
Let n(j) = 109*j**2 - 114*j - 2358. List the prime factors of n(-18).
2, 3, 5, 389
Let x(w) = -8*w**2 + 34*w - 4. Let n be x(4). List the prime factors of (-12)/(n/((-52)/41) - -3).
2, 3, 13
Suppose -2*z = 3*t + 24, -20 = z - 3*t - 8. Let b = 17 + z. Suppose 5*k - 351 = -2*f - 2*f, -b*f = -5*k - 450. List the prime factors of f.
89
Let a(u) = -35*u**3 - 4*u**2 - 2*u + 1. Let d be a(-1). Let t be (-1 - 0)*6*-10. Let z = t - d. List the prime factors of z.
2, 13
Let o(p) = -3*p**2 - 9*p. Let z be o(-3). Suppose 189 = 4*n + 3*d, 3*n - 4*n - 5*d + 43 = z. List the prime factors of n.
2, 3
Let b(a) = -39*a**2 + 60*a**2 - 20*a**2 + 10 - 20*a. What are the prime factors of b(-8)?
2, 3, 13
Let m(t) = 13*t**2 - 124*t + 11. Let x be m(17). Suppose 6*l - 3*l = -3*w + 2460, -2*l = -2*w - x. What are the prime factors of l?
3, 5, 11
Suppose -432 = -2*r - 4*r. List the prime factors of r/(-14)*(-140)/40.
2, 3
Let y(s) = 6*s**2 - 47*s - 107. List the prime factors of y(34).
5231
Suppose -48274 = 25*o + 232 - 419231. What are the prime factors of o?
3, 4943
Let h = 54 - 89. Suppose -27 = 4*k + 121. Let d = h - k. List the prime factors of d.
2
Let x be -4 + (-5 - -10) - (-8 - -3). Suppose 0 = -j + 3*s + 566, x*s = -3*j + 10*s + 1708. What are the prime factors of j?
2, 11, 13
Suppose 3*w = -3*b - 93, -w - 16 = -0*w + 4*b. Let z = w - -39. Suppose -d - d + j + 46 = 0, 0 = -d - z*j + 9. List the prime factors of d.
3, 7
Let p be (6 - 18/4) + 230/4. Suppose -p*d + 63*d - 40 = 0. Let n = d - -167. What are the prime factors of n?
3, 59
Suppose 35*o - 40*o + 3825 = 0. Let i = 35 + o. List the prime factors of i.
2, 5
Let f(y) = 4*y**2 - 52*y - 741. List the prime factors of f(46).
3, 1777
Suppose 3*t + 5*s - 2*s - 897 = 0, -4*s = -4*t + 1188. Let w(b) = -2*b**2 + 13*b - 1. Let q be w(6). What are the prime factors of t*(3 + q/(-2))?
149
List the prime factors of ((-5340)/30 - 29)/((-2)/66).
3, 11, 23
Suppose d + k - 1337 = 0, 5*d - 3581 - 3064 = 3*k. Suppose 2*a = -4*z + 410 + d, -3*z - a = -1306. List the prime factors of z.
3, 5, 29
Let o(p) = 15*p - 2. Suppose -38 = -6*t - 2. Let x be o(t). Suppose 5*k + 68 = x. What are the prime factors of k?
2
Suppose -b + 5 = 0, -5*z + 2*b + 0*b = -105105. What are the prime factors of z?
21023
Suppose 0 = -4*b + 8, o + 3*b = 5*o + 2. Suppose -5*p = -14 - o. Suppose -t + p*u = -39, 5*u - 3 - 2 = 0. What are the prime factors of t?
2, 3, 7
Let y(s) = s**2 + 13*s - 35. Suppose 2*v - 82 = -18*w + 14*w, -2*w + 2*v = -56. List the prime factors of y(w).
13, 61
Let n(f) = -11*f**2 + 6*f + 2. Suppose 0*s - 2*s - 4*d + 2 = 0, 4*s - d - 22 = 0. Let l be n(s). Let x = -91 - l. List the prime factors of x.
2, 19
Let m = 20602 + -14569. List the prime factors of m.
3, 2011
What are the prime factors of 823/(4/15 - 32/480)?
5, 823
Let p = -34627 - -82871. List the prime factors of p.
2, 7, 1723
Let z(u) = -5*u - 1056. Let c be z(0). List the prime factors of (c/(-55))/(-3 + (-62)/(-20)).
2, 3
Let r be (6 + (-48)/(-18))*(-1478 + -4). What are the prime factors of r/(-12) + 8/(-6) + 5?
2, 3, 179
What are the prime factors of 2 - (-6)/(-2) - 1498*(0 + -2)?
5, 599
Let l(c) = -2*c + 1. Let b(y) = 30*y + 105. Let g(k) = -b(k) + 4*l(k). List the prime factors of g(-10).
3, 31
Let y be (3 - 1)/(42/59829). Suppose y = h + 6*h. What are the prime factors of h?
11, 37
Suppose -4*c = 9*q - 5*q - 29408, -4*q = -c + 7382. List the prime factors of c.
2, 13, 283
Suppose 5*l = -9 + 24. Suppose -13*g + 1292 = -12*g + 2*b, 0 = 5*g + l*b - 6488. List the prime factors of g.
2, 5, 13
Let h = -9919 + 17648. List the prime factors of h.
59, 131
Let f be 732/1 - 15/((-6)/(-2)). Let y = 674 + f. What are the prime factors of y?
3, 467
Let k(b) = -2*b**3 - 4*b**2 - 43*b - 151. List the prime factors of k(-8).
31
Let z(o) = 40*o**2 - 39*o**2 + 2 + 14 + 5*o. What are the prime factors of z(-5)?
2
Let s(u) = -50*u**2 + 9*u - 2. Let w be s(1). List the prime factors of (-3 - w)*(-4 + (-344)/(-16)).
2, 5, 7
What are the prime factors of -2 - (0 + 1 + 0) - (-1246942)/58?
2, 2687
Let s = -97 + 121. Let f(r) = r**3 - 23*r**2 - 10*r + 12. List the prime factors of f(s).
2, 3, 29
Let c be (132/(-8))/(1/2). Let y be 6/c - (-780)/55. Suppose -r - 4 + y = 0. List the prime factors of r.
2, 5
Suppose 0 = 6*b - 12*b - 900. Let j = b - -419. What are the prime factors of j?
269
Let l(t) = -t**3 + 68*t**2 + 95*t - 183. What are the prime factors of l(65)?
11, 1697
Let u(r) = 140*r - 37. Suppose -138*t + 137*t = -4. List the prime factors of u(t).
523
Let k = 9961 + -6685. Let b = k + -1977. What are the prime factors of b?
3, 433
Let h = -290 - -427. Let i = h - -347. List the prime factors of i.
2, 11
Suppose -2*b - 290 = 2*q, -3*b + 7*b - 2*q + 550 = 0. Let g be (-2)/(-6) + (-1384)/(-6). Let f = b + g. List the prime factors of f.
7, 13
Suppose 68*s - 312376 + 3044 = 0. List the prime factors of s.
4549
Suppose 195 = 3*n + 7*v - 5*v, -321 = -5*n - 2*v. Let b = 322 + n. What are the prime factors of b?
5, 7, 11
Let b(k) = -k - 1. Let d(w) = -6*w + 21. Let l(a) = -18*b(a) + d(a). Suppose -5*g = c - 58, -41*g - 4*c + 34 = -39*g. What are the prime factors of l(g)?
3, 19
Suppose -813 = -2*u + m, -u - 5*m + 68 = -311. Suppose 0 = 2*j - u + 192. List the prime factors of j.
2, 53
Let p(m) = m**3 - 20*m**2 + 16*m - 18. Let d be -1 + 2 - (-11 - (-1 + -1)). Let t be p(d). What are the prime factors of t/(-8) + (4 - 68/16)?
107
Let p = 80 - 39. Let f(c) = 3*c**2 + 60*c + 219. Let n be f(-5). List the prime factors of n/((-2)/p*(-1)/(-2)).
2, 3, 41
Suppose 0 = 3*g + 3*p - 86037, 2*p = 2*g + 6*p - 57344. List the prime factors of g.
2, 3, 7, 683
Let m(h) = -535*h + 65. Let s(r) = r**2 + 30*r + 174. Let b be s(-8). List the prime factors of m(b).
5, 227
Let a = 222 + -220. What are the prime factors of (9 + -12)/((-1642)/818 + a)?
409
Let l be (-195)/(-20) + (-15)/20. Suppose 16 = -w + 4*i, -5 = i - l. Suppose -b - o + 296 = w, -o = -b + 293 + 7. List the prime factors of b.
2, 149
List the prime factors of ((-29772)/21)/(21/(1176/(-16))).
2, 3, 827
Let y(h) = h**2 - 3*h - 4. Let i be y(4). Suppose c - 4*z - 24 = 0, 0*z - 4*z - 20 = i. Suppose 13 = c*p - 87. List the prime factors of p.
5
Let k = -2953 + 7344. What are the prime factors of k?
4391
Suppose 3*p + 3*o + 9 = 468, -o = -2*p + 318. Let r(y) = -42*y - 122. Let z be r(-5). Let v = p - z. List the prime factors of v.
3, 23
Let a